{"id":17,"date":"2023-10-23T07:42:59","date_gmt":"2023-10-23T07:42:59","guid":{"rendered":"https:\/\/krna.burger-dev.de\/?page_id=17"},"modified":"2025-12-16T18:48:55","modified_gmt":"2025-12-16T18:48:55","slug":"ueber-uns","status":"publish","type":"page","link":"https:\/\/kitzretter-na.de\/index.php\/ueber-uns\/","title":{"rendered":"\u00dcber uns"},"content":{"rendered":"\n<p>Wir arbeiten ehrenamtlich und unser Einsatz&nbsp;ist&nbsp;kostenlos.&nbsp;Schon im&nbsp;Fr\u00fchsommer&nbsp;2023&nbsp;konnten wir mit den 25 Gr\u00fcndungsmitgliedern unseres Vereins in privater Mission 154 Rehkitze bei Eins\u00e4tzen auf der Schw\u00e4bischen Alb und im Echaztal sichern.&nbsp;<\/p>\n\n\n\n<p>Hier wurden wir von Privatpersonen und der Drohnengruppe des Deutschen Roten Kreuz Kirchentellinsfurt-Kusterdingen mit der notwendigen Drohnentechnik unterst\u00fctzt. Leider konnten wir bei weitem nicht alle Anfragen, die uns erreicht haben, bedienen. Das Personal w\u00e4re verf\u00fcgbar gewesen jedoch waren die fremden Drohnen entweder anderweitig im Einsatz oder zu diesem Zeitraum nicht verf\u00fcgbar.&nbsp;<\/p>\n\n\n\n<p>Der Vorstand des Rehkitzretter Neckar-Alb&nbsp;e.V.&nbsp;setzt sich wie folgt zusammen:<\/p>\n\n\n\n<p>1.&nbsp;Vorsitzender: Marcel W\u00f6rz, Hohenstein<\/p>\n\n\n\n<p>2.&nbsp;Vorsitzender: Matthias Raster, Kusterdingen<\/p>\n\n\n\n<p>Kassiererin: Hanna Kurz, Trochtelfingen<\/p>\n\n\n\n<p>Schriftf\u00fchrerin: Simone Buk, Trochtelfingen\u200b<\/p>\n\n\n\n<p><\/p>\n","protected":false},"excerpt":{"rendered":"<p>Wir arbeiten ehrenamtlich und unser Einsatz&nbsp;ist&nbsp;kostenlos.&nbsp;Schon im&nbsp;Fr\u00fchsommer&nbsp;2023&nbsp;konnten wir mit den 25 Gr\u00fcndungsmitgliedern unseres Vereins in privater Mission 154 Rehkitze bei Eins\u00e4tzen auf der Schw\u00e4bischen Alb und im Echaztal sichern.&nbsp; Hier wurden wir von Privatpersonen und der Drohnengruppe des Deutschen Roten Kreuz Kirchentellinsfurt-Kusterdingen mit der notwendigen Drohnentechnik unterst\u00fctzt. Leider konnten wir bei weitem nicht alle Anfragen, [&hellip;]<\/p>\n","protected":false},"author":1,"featured_media":110,"parent":0,"menu_order":0,"comment_status":"closed","ping_status":"closed","template":"","meta":{"footnotes":""},"class_list":["post-17","page","type-page","status-publish","has-post-thumbnail","hentry"],"_links":{"self":[{"href":"https:\/\/kitzretter-na.de\/index.php\/wp-json\/wp\/v2\/pages\/17","targetHints":{"allow":["GET"]}}],"collection":[{"href":"https:\/\/kitzretter-na.de\/index.php\/wp-json\/wp\/v2\/pages"}],"about":[{"href":"https:\/\/kitzretter-na.de\/index.php\/wp-json\/wp\/v2\/types\/page"}],"author":[{"embeddable":true,"href":"https:\/\/kitzretter-na.de\/index.php\/wp-json\/wp\/v2\/users\/1"}],"replies":[{"embeddable":true,"href":"https:\/\/kitzretter-na.de\/index.php\/wp-json\/wp\/v2\/comments?post=17"}],"version-history":[{"count":6,"href":"https:\/\/kitzretter-na.de\/index.php\/wp-json\/wp\/v2\/pages\/17\/revisions"}],"predecessor-version":[{"id":229,"href":"https:\/\/kitzretter-na.de\/index.php\/wp-json\/wp\/v2\/pages\/17\/revisions\/229"}],"wp:featuredmedia":[{"embeddable":true,"href":"https:\/\/kitzretter-na.de\/index.php\/wp-json\/wp\/v2\/media\/110"}],"wp:attachment":[{"href":"https:\/\/kitzretter-na.de\/index.php\/wp-json\/wp\/v2\/media?parent=17"}],"curies":[{"name":"wp","href":"https:\/\/api.w.org\/{rel}","templated":true}]}}